actors of 18083.
13, 107
What are the prime factors of 10097?
23, 439
List the prime factors of 4206.
2, 3, 701
What are the prime factors of 10197?
3, 11, 103
List the prime factors of 929.
929
What are the prime factors of 3662?
2, 1831
What are the prime factors of 860?
2, 5, 43
What are the prime factors of 1570?
2, 5, 157
List the prime factors of 3800.
2, 5, 19
What are the prime factors of 20174?
2, 7, 11, 131
What are the prime factors of 23527?
7, 3361
What are the prime factors of 3620?
2, 5, 181
What are the prime factors of 15842?
2, 89
What are the prime factors of 311?
311
List the prime factors of 7380.
2, 3, 5, 41
List the prime factors of 9428.
2, 2357
What are the prime factors of 18824?
2, 13, 181
List the prime factors of 1020.
2, 3, 5, 17
What are the prime factors of 24?
2, 3
What are the prime factors of 9981?
3, 1109
What are the prime factors of 2479?
37, 67
List the prime factors of 46387.
11, 4217
What are the prime factors of 804?
2, 3, 67
List the prime factors of 3198.
2, 3, 13, 41
What are the prime factors of 12269?
12269
What are the prime factors of 121682?
2, 11, 5531
List the prime factors of 547.
547
What are the prime factors of 89328?
2, 3, 1861
What are the prime factors of 7007?
7, 11, 13
List the prime factors of 2791.
2791
List the prime factors of 20334.
2, 3, 3389
What are the prime factors of 964?
2, 241
What are the prime factors of 23846?
2, 11923
List the prime factors of 635.
5, 127
What are the prime factors of 71647?
71647
What are the prime factors of 3450?
2, 3, 5, 23
What are the prime factors of 9363?
3, 3121
What are the prime factors of 9863?
7, 1409
List the prime factors of 449.
449
What are the prime factors of 6008?
2, 751
What are the prime factors of 406?
2, 7, 29
What are the prime factors of 8720?
2, 5, 109
List the prime factors of 8752.
2, 547
List the prime factors of 2835.
3, 5, 7
List the prime factors of 5978.
2, 7, 61
List the prime factors of 4773.
3, 37, 43
List the prime factors of 683.
683
List the prime factors of 696.
2, 3, 29
List the prime factors of 17361.
3, 643
What are the prime factors of 12670?
2, 5, 7, 181
List the prime factors of 261.
3, 29
List the prime factors of 24633.
3, 7, 17, 23
What are the prime factors of 17444?
2, 7, 89
List the prime factors of 586.
2, 293
What are the prime factors of 125778?
2, 3, 20963
List the prime factors of 7864.
2, 983
What are the prime factors of 77946?
2, 3, 11, 1181
List the prime factors of 55567.
181, 307
List the prime factors of 69101.
43, 1607
List the prime factors of 3315.
3, 5, 13, 17
What are the prime factors of 715?
5, 11, 13
What are the prime factors of 26361?
3, 29, 101
What are the prime factors of 1818?
2, 3, 101
What are the prime factors of 1671?
3, 557
What are the prime factors of 19151?
11, 1741
What are the prime factors of 517?
11, 47
List the prime factors of 205718.
2, 102859
List the prime factors of 30870.
2, 3, 5, 7
List the prime factors of 3499.
3499
What are the prime factors of 73972?
2, 18493
What are the prime factors of 5085?
3, 5, 113
What are the prime factors of 17983?
7, 367
What are the prime factors of 3942?
2, 3, 73
List the prime factors of 14546.
2, 7, 1039
List the prime factors of 61860.
2, 3, 5, 1031
List the prime factors of 1236.
2, 3, 103
List the prime factors of 106062.
2, 3, 11, 1607
List the prime factors of 523.
523
What are the prime factors of 72806?
2, 59, 617
List the prime factors of 428.
2, 107
What are the prime factors of 30308?
2, 7577
List the prime factors of 8724.
2, 3, 727
List the prime factors of 3074.
2, 29, 53
What are the prime factors of 39900?
2, 3, 5, 7, 19
What are the prime factors of 58?
2, 29
What are the prime factors of 124957?
7, 17851
List the prime factors of 12878.
2, 47, 137
What are the prime factors of 6859?
19
List the prime factors of 144639.
3, 11, 487
List the prime factors of 258.
2, 3, 43
List the prime factors of 1001.
7, 11, 13
What are the prime factors of 3288?
2, 3, 137
What are the prime factors of 427?
7, 61
What are the prime factors of 89194?
2, 7, 23, 277
List the prime factors of 4054.
2, 2027
List the prime factors of 17242.
2, 37, 233
What are the prime factors of 5230?
2, 5, 523
What are the prime factors of 1321?
1321
What are the prime factors of 36579?
3, 89, 137
What are the prime factors of 7204?
2, 1801
List the prime factors of 7725.
3, 5, 103
List the prime factors of 8730.
2, 3, 5, 97
List the prime factors of 4194.
2, 3, 233
What are the prime factors of 16735?
5, 3347
What are the prime factors of 46325?
5, 17, 109
What are the prime factors of 2572?
2, 643
What are the prime factors of 5018?
2, 13, 193
List the prime factors of 51724.
2, 67, 193
List the prime factors of 69222.
2, 3, 83, 139
What are the prime factors of 3320?
2, 5, 83
What are the prime factors of 19243?
7, 2749
List the prime factors of 695.
5, 139
What are the prime factors of 9104?
2, 569
What are the prime factors of 896?
2, 7
List the prime factors of 3432.
2, 3, 11, 13
List the prime factors of 20269.
20269
What are the prime factors of 674?
2, 337
List the prime factors of 2222.
2, 11, 101
List the prime factors of 99995.
5, 7, 2857
List the prime factors of 56463.
3, 11, 29, 59
List the prime factors of 819.
3, 7, 13
What are the prime factors of 45284?
2, 11321
List the prime factors of 4784.
2, 13, 23
List the prime factors of 799.
17, 47
List the prime factors of 7240.
2, 5, 181
What are the prime factors of 11712?
2, 3, 61
What are the prime factors of 158403?
3, 7, 19, 397
List the prime factors of 5367.
3, 1789
List the prime factors of 14858.
2, 17, 19, 23
List the prime factors of 6095.
5, 23, 53
List the prime factors of 5300.
2, 5, 53
What are the prime factors of 1509?
3, 503
List the prime factors of 4966.
2, 13, 191
List the prime factors of 1579.
1579
List the prime factors of 858.
2, 3, 11, 13
List the prime factors of 68066.
2, 34033
What are the prime factors of 5054?
2, 7, 19
List the prime factors of 109907.
7, 2243
What are the prime factors of 4140?
2, 3, 5, 23
List the prime factors of 16832.
2, 263
What are the prime factors of 6487?
13, 499
List the prime factors of 334.
2, 167
What are the prime factors of 8578?
2, 4289
What are the prime factors of 4601?
43, 107
What are the prime factors of 122452?
2, 11, 23
What are the prime factors of 17203?
17203
List the prime factors of 672.
2, 3, 7
List the prime factors of 4074.
2, 3, 7, 97
What are the prime factors of 7782?
2, 3, 1297
List the prime factors of 24743.
109, 227
What are the prime factors of 843?
3, 281
What are the prime factors of 121758?
2, 3, 7, 13, 223
List the prime factors of 1219.
23, 53
List the prime factors of 1316.
2, 7, 47
What are the prime factors of 808?
2, 101
What are the prime factors of 48042?
2, 3, 17, 157
What are the prime factors of 11815?
5, 17, 139
What are the prime factors of 1598?
2, 17, 47
What are the prime factors of 330?
2, 3, 5, 11
What are the prime factors of 14476?
2, 7, 11, 47
What are the prime factors of 48301?
11, 4391
What are the prime factors of 4519?
4519
List the prime factors of 7610.
2, 5, 761
List the prime factors of 883.
883
List the prime factors of 7420.
2, 5, 7, 53
List the prime factors of 39001.
43, 907
What are the prime factors of 4573?
17, 269
List the prime factors of 2381.
2381
List the prime factors of 4914.
2, 3, 7, 13
What are the prime factors of 887?
887
What are the prime factors of 1040?
2, 5, 13
List the prime factors of 2056.
2, 257
List the prime factors of 2621.
2621
List the prime factors of 35230.
2, 5, 13, 271
What are the prime factors of 15974?
2, 7, 163
What are the prime factors of 1321?
1321
What are the prime factors of 2121?
3, 7, 101
List the prime factors of 881.
881
What are the prime factors of 1446?
2, 3, 241
List the prime factors of 1342.
2, 11, 61
List the prime factors of 65110.
2, 5, 17, 383
List the prime factors of 7931.
7, 11, 103
What are the prime factors of 6463?
23, 281
List the prime factors of 9140.
2, 5, 457
What are the prime factors of 2533?
17, 149
What are the prime factors of 918?
2, 3, 17
What are the prime factors of 25131?
3, 8377
List the prime factors of 5183.
71, 73
What are the prime factors of 48099?
3, 16033
What are t